79 a prime number?
True
Is 9461329 prime?
True
Is 125800743 a prime number?
False
Is 1295369 a composite number?
False
Is 6178499 composite?
True
Is 1175983 a composite number?
True
Is 11252873 composite?
True
Is 105180473 a prime number?
False
Is 288583 a prime number?
True
Is 2705761 a prime number?
True
Is 12852815 prime?
False
Is 9629329 prime?
True
Is 79587197 composite?
True
Is 1535051149 a prime number?
False
Is 475671113 a prime number?
False
Is 50218651 a composite number?
True
Is 20732137 a composite number?
True
Is 9725531 composite?
False
Is 17655791 a prime number?
True
Is 4506137 composite?
True
Is 1671247 prime?
False
Is 260921 prime?
True
Is 39297859 a composite number?
False
Is 4030557 composite?
True
Is 80719 composite?
True
Is 171136999 a prime number?
False
Is 8539669 prime?
True
Is 155566339 prime?
False
Is 17382598 composite?
True
Is 581899 composite?
True
Is 63974411 composite?
True
Is 14379649 a composite number?
True
Is 64671091 a prime number?
True
Is 31087 prime?
False
Is 6460963 composite?
False
Is 7318343 composite?
True
Is 212371343 composite?
False
Is 52615021 composite?
True
Is 246019 composite?
True
Is 14046649 a composite number?
False
Is 892211867 composite?
True
Is 5730061 a prime number?
True
Is 7261807 a prime number?
False
Is 533789623 prime?
True
Is 174221 composite?
False
Is 3171247 a composite number?
True
Is 117750071 prime?
False
Is 295512839 a composite number?
False
Is 5966447 a prime number?
False
Is 8282614 prime?
False
Is 711959 a prime number?
True
Is 47737 a prime number?
True
Is 31228453 a composite number?
False
Is 1182577 prime?
False
Is 86781137 prime?
False
Is 515041 composite?
False
Is 18314771 composite?
False
Is 8264777 a composite number?
False
Is 14895539 a prime number?
True
Is 10640107 prime?
True
Is 574226193 composite?
True
Is 4064227 a composite number?
False
Is 437683 a composite number?
True
Is 4797107 a prime number?
False
Is 4092926 composite?
True
Is 104683643 a composite number?
False
Is 15840493 a composite number?
False
Is 10091849 a prime number?
False
Is 10022351 composite?
True
Is 6311801 composite?
False
Is 1550378 prime?
False
Is 62966885 a composite number?
True
Is 251179 prime?
True
Is 17270321 a composite number?
False
Is 8154799 a composite number?
False
Is 363799 composite?
False
Is 110221 composite?
False
Is 10353671 composite?
True
Is 5897777 prime?
False
Is 5083189 composite?
True
Is 12391541 composite?
False
Is 172238461 prime?
True
Is 796217 a prime number?
True
Is 331769 composite?
False
Is 295998121 prime?
True
Is 6082051 composite?
True
Is 109637 prime?
False
Is 3818659139 prime?
True
Is 389287241 composite?
True
Is 30952021 a prime number?
False
Is 10655534 composite?
True
Is 29440571 a prime number?
False
Is 33614197 composite?
False
Is 66450889 prime?
True
Is 56507221 a prime number?
True
Is 177439 a composite number?
True
Is 17659099 a composite number?
False
Is 674057 composite?
False
Is 79953787 prime?
True
Is 19000442 a composite number?
True
Is 33901549 a prime number?
False
Is 34173719 prime?
False
Is 51087917 prime?
False
Is 39462481 a composite number?
True
Is 1618181 a prime number?
True
Is 10258769 prime?
False
Is 25468127 prime?
True
Is 1020175703 a prime number?
True
Is 410868547 a prime number?
False
Is 1949513 a composite number?
True
Is 123086419 prime?
True
Is 511753309 composite?
False
Is 1560739 prime?
True
Is 363853199 a composite number?
False
Is 9588485 prime?
False
Is 1426637 prime?
False
Is 831469 prime?
False
Is 4946059 prime?
False
Is 378427927 prime?
True
Is 12121205 composite?
True
Is 161359 prime?
False
Is 2287699 composite?
False
Is 45261421 composite?
False
Is 32976287 a composite number?
True
Is 8502041 a composite number?
False
Is 18211207 prime?
False
Is 429040109 composite?
False
Is 26063689 a prime number?
False
Is 1165589 prime?
False
Is 274579 a prime number?
True
Is 990917 a composite number?
False
Is 17435083 a prime number?
True
Is 716531 prime?
True
Is 326141 a prime number?
True
Is 49335331 composite?
False
Is 11926451 composite?
False
Is 1888907 composite?
False
Is 39994837 a prime number?
False
Is 45183487 prime?
True
Is 12859381 a prime number?
True
Is 14370359 prime?
True
Is 18733129 prime?
True
Is 3592171 a prime number?
False
Is 1812001 a prime number?
False
Is 12135127 a prime number?
False
Is 194177 composite?
True
Is 65374 prime?
False
Is 186573851 prime?
True
Is 217441 a prime number?
False
Is 193816793 a composite number?
True
Is 21810151 a composite number?
True
Is 118681685 prime?
False
Is 4903867 prime?
True
Is 16106323 a composite number?
False
Is 1818253 a prime number?
False
Is 1918451 composite?
False
Is 1860629 prime?
True
Is 22597193 a composite number?
False
Is 2617127 a composite number?
True
Is 4365961 a prime number?
True
Is 434123 a prime number?
False
Is 251330093 a prime number?
False
Is 424468451 prime?
False
Is 131905709 composite?
True
Is 2089729 composite?
True
Is 26692043 a composite number?
True
Is 38330357 a composite number?
True
Is 1454429 a composite number?
True
Is 98164883 a composite number?
False
Is 6020351 composite?
False
Is 19220407 prime?
True
Is 14337509 composite?
True
Is 61242733 prime?
False
Is 1176323 a composite number?
False
Is 5636429 a composite number?
True
Is 1567673 a composite number?
True
Is 96989 a prime number?
True
Is 515728757 composite?
True
Is 1449319 a composite number?
False
Is 3235763915 composite?
True
Is 846563 composite?
False
Is 1283401439 composite?
False
Is 529513 composite?
False
Is 2823449 prime?
False
Is 1718147 a composite number?
True
Is 331233203 prime?
False
Is 158370721 prime?
False
Is 571537 prime?
False
Is 9807431 prime?
True
Is 134134223 a prime number?
True
Is 3571705 composite?
True
Is 228362165 a prime number?
False
Is 4994761 composite?
False
Is 66530731 a composite number?
False
Is 11894471 composite?
False
Is 231129979 a composite number?
True
Is 239201 composite?
False
Is 14855889 composite?
True
Is 15683791 prime?
False
Is 399985681 prime?
True
Is 108171061 prime?
True
Is 1196177 prime?
True
Is 6811687 a prime number?
False
Is 496572101 a composite number?
False
Is 817393721 prime?
True
Is 293649953 prime?
True
Is 15923981 prime?
False
Is 52712341 prime?
False
Is 31761953 composite?
True
Is 92649551 composite?
True
Is 50696897 prime?
True
Is 6834587 composite?
False
Is 40069129 a prime number?
True
Is 3556054 a composite number?
True
Is 390781 composite?
False
Is 14870839 prime?
True
Is 3353533 a prime number?
True
Is 72288439 a prime number?
True
Is 452611 a composite number?
False
Is 299297 a composite number?
True
Is 41462114 composite?
True
Is 2034439 a composite number?
True
Is 13039211 composite?
True
Is 101077 composite?
True
Is 3304123 a prime number?
True
Is 66389179 prime?
True
Is 114070219 a composite number?
False
Is 107722301 prime?
True
Is 112541647 a composite number?
False
Is 49187651 a prime number?
False
Is 2123033 a prime number?
False
Is 6792977 a prime number?
True
Is 48831551 composite?
True
Is 8738399 composite?
False
Is 919129 a prime number?
True
Is 43828483 a prime number?
False
Is 42630117 a prime number?
False
Is 3642407 prime?
False
Is 28837051 composite?
True
Is 6285137 composite?
False
Is 164471 composite?
False
Is 52009157 a composite number?
True
Is 44664691 prime?
False
Is 13288307 composite?
False
Is 44522927 prime?
False
Is 1168213 prime?
False
Is 45120863 prime?
False
Is 3289931 a prime number?
True
Is 7086593 prime?
True
Is 398899 a prime number?
False
Is 7040263 prime?
True
Is 44693309 a prime number?
True
Is 19862611 composite?
False
Is 24086383 composite?
False
Is 37826333 a composite number?
False
Is 9331639 a prime number?
True
Is 5732833 composite?
True
Is 34543991 composite?
True
Is 313777 prime?
True
Is 16278539 composite?
False
Is 289398403 a prime number?
False
Is 162353 prime?
False
Is 12724331 a composite number?
False
Is 39166133 a composite number?
False
Is 62389 composite?
True
Is 20045237 a composite number?
False
Is 595666 a composite number?
True
Is 239145119 a composite number?
False
Is 12520693 prime?
False
Is 514211182 composite?
True
Is 574839323 prime?
False
Is 111821 a composite number?
False
Is 3724573 composite?
False
Is 2942347 a prime number?
False